st common divisor of 847 and 1936.
121
Calculate the greatest common divisor of 111 and 8251.
37
Calculate the highest common divisor of 10 and 6830.
10
What is the highest common factor of 3854 and 470?
94
What is the highest common factor of 1390 and 60?
10
What is the greatest common factor of 18758 and 904?
226
Calculate the highest common divisor of 550 and 66.
22
Calculate the highest common factor of 8100 and 200.
100
What is the highest common factor of 1017 and 27?
9
Calculate the highest common divisor of 6275 and 251.
251
What is the highest common divisor of 297 and 583?
11
What is the highest common divisor of 228 and 855?
57
What is the highest common factor of 180 and 492?
12
What is the greatest common factor of 1110 and 333?
111
Calculate the greatest common factor of 4439 and 772.
193
What is the highest common factor of 1920 and 15?
15
What is the greatest common factor of 913 and 249?
83
What is the greatest common divisor of 107 and 535?
107
What is the highest common divisor of 339 and 41019?
339
Calculate the highest common factor of 16 and 144.
16
What is the highest common factor of 524 and 8777?
131
What is the highest common factor of 55 and 10?
5
What is the greatest common divisor of 31 and 217?
31
What is the greatest common divisor of 5632 and 112?
16
What is the highest common divisor of 1104 and 336?
48
What is the highest common factor of 8567 and 39?
13
Calculate the highest common divisor of 140 and 1300.
20
Calculate the highest common divisor of 42 and 13356.
42
What is the highest common factor of 125 and 10?
5
Calculate the highest common divisor of 10 and 265.
5
Calculate the greatest common factor of 16 and 3416.
8
Calculate the greatest common factor of 27 and 1359.
9
Calculate the highest common divisor of 140 and 63.
7
Calculate the greatest common factor of 195 and 65.
65
What is the highest common divisor of 96 and 2400?
96
What is the highest common factor of 1638 and 910?
182
What is the highest common factor of 85820 and 140?
140
Calculate the highest common factor of 3 and 651.
3
Calculate the greatest common divisor of 36 and 477.
9
What is the greatest common divisor of 108 and 192?
12
What is the highest common factor of 2282 and 42?
14
Calculate the greatest common divisor of 2173 and 533.
41
Calculate the highest common divisor of 840 and 360.
120
Calculate the greatest common divisor of 36 and 804.
12
What is the greatest common divisor of 375 and 75?
75
Calculate the greatest common factor of 164 and 8.
4
What is the highest common factor of 450 and 25?
25
What is the highest common divisor of 4 and 64?
4
Calculate the highest common divisor of 996 and 48.
12
Calculate the greatest common factor of 189 and 7.
7
Calculate the greatest common divisor of 39 and 91.
13
What is the highest common divisor of 98 and 252?
14
What is the highest common divisor of 666 and 296?
74
What is the greatest common divisor of 60 and 220?
20
Calculate the greatest common divisor of 8 and 9.
1
What is the highest common factor of 13467 and 201?
201
Calculate the greatest common divisor of 6356 and 56.
28
Calculate the highest common divisor of 82 and 574.
82
What is the greatest common divisor of 213 and 1775?
71
Calculate the greatest common divisor of 125 and 5.
5
Calculate the greatest common divisor of 222 and 618.
6
What is the highest common divisor of 30 and 285?
15
Calculate the highest common divisor of 4 and 2048.
4
Calculate the greatest common divisor of 7476 and 252.
84
What is the greatest common factor of 600 and 105?
15
Calculate the highest common factor of 2790 and 60.
30
What is the highest common factor of 9 and 279?
9
Calculate the greatest common divisor of 3860 and 100.
20
Calculate the greatest common factor of 440 and 2090.
110
What is the greatest common divisor of 324 and 24?
12
Calculate the greatest common divisor of 93535 and 13.
13
Calculate the greatest common divisor of 2189 and 66.
11
What is the greatest common divisor of 29 and 121?
1
What is the highest common factor of 232 and 16298?
58
Calculate the highest common divisor of 224 and 32.
32
Calculate the greatest common divisor of 135 and 855.
45
Calculate the greatest common divisor of 165 and 528.
33
What is the highest common divisor of 46 and 22402?
46
Calculate the highest common divisor of 6 and 4032.
6
What is the highest common divisor of 10 and 37970?
10
What is the highest common factor of 14 and 48916?
14
Calculate the highest common factor of 36 and 4902.
6
Calculate the highest common factor of 36 and 23988.
12
What is the highest common factor of 285 and 120?
15
What is the highest common factor of 11 and 6743?
11
Calculate the highest common factor of 7 and 7861.
7
Calculate the highest common factor of 84 and 63.
21
Calculate the greatest common factor of 91 and 455.
91
Calculate the greatest common factor of 5 and 325.
5
Calculate the greatest common divisor of 21 and 1064.
7
Calculate the greatest common divisor of 5568 and 116.
116
Calculate the highest common factor of 882 and 196.
98
What is the greatest common factor of 2828 and 392?
28
What is the highest common factor of 31 and 2263?
31
What is the greatest common divisor of 30 and 1356?
6
Calculate the greatest common factor of 54 and 72.
18
Calculate the greatest common factor of 124 and 713.
31
Calculate the highest common factor of 4 and 74.
2
What is the highest common divisor of 6325 and 11?
11
Calculate the greatest common factor of 9 and 48.
3
Calculate the greatest common divisor of 130 and 104.
26
Calculate the greatest common divisor of 3278 and 55.
11
What is the highest common factor of 11 and 58069?
11
Calculate the highest common divisor of 13 and 364.
13
What is the greatest common divisor of 64 and 16?
16
Calculate the highest common factor of 41148 and 24.
12
What is the highest common factor of 14 and 5488?
14
What is the greatest common divisor of 16 and 328?
8
What is the greatest common factor of 85 and 136?
17
Calculate the highest common factor of 1500 and 48.
12
Calculate the highest common factor of 464 and 29.
29
What is the highest common factor of 1400 and 10?
10
Calculate the greatest common factor of 15 and 27375.
15
Calculate the greatest common divisor of 7392 and 504.
168
Calculate the highest common factor of 30 and 90.
30
What is the highest common factor of 136 and 425?
17
Calculate the highest common divisor of 41 and 2911.
41
What is the highest common factor of 2739 and 33?
33
Calculate the highest common factor of 741 and 78.
39
What is the greatest common factor of 370 and 10?
10
Calculate the highest common divisor of 1107 and 2337.
123
Calculate the greatest common divisor of 46774 and 7.
7
Calculate the highest common factor of 7 and 1883.
7
Calculate the greatest common divisor of 160800 and 134.
134
Calculate the greatest common factor of 464 and 580.
116
What is the highest common divisor of 19 and 493?
1
What is the greatest common factor of 66 and 363?
33
Calculate the highest common divisor of 3645 and 162.
81
Calculate the greatest common factor of 72 and 1176.
24
Calculate the highest common factor of 207 and 69.
69
What is the greatest common factor of 106 and 689?
53
What is the highest common factor of 15 and 103245?
15
Calculate the highest common factor of 1083 and 114.
57
Calculate the greatest common factor of 58 and 11107.
29
Calculate the greatest common divisor of 1862 and 304.
38
What is the highest common factor of 13223 and 7?
7
Calculate the highest common divisor of 1677 and 156.
39
Calculate the greatest common divisor of 580 and 8.
4
Calculate the greatest common factor of 63 and 147.
21
What is the greatest common factor of 4 and 556?
4
Calculate the greatest common divisor of 18 and 846.
18
Calculate the greatest common divisor of 344 and 946.
86
What is the highest common divisor of 148 and 21164?
148
What is the highest common divisor of 1168 and 1?
1
What is the greatest common divisor of 2 and 3?
1
What is the highest common factor of 459 and 255?
51
Calculate the greatest common divisor of 36 and 198.
18
What is the greatest common divisor of 10 and 106?
2
Calculate the highest common factor of 1369 and 259.
37
Calculate the highest common factor of 399 and 21.
21
